{"id":6530,"date":"2021-03-31T16:07:40","date_gmt":"2021-03-31T15:07:40","guid":{"rendered":"https:\/\/muzeum.ostroleka.pl\/?page_id=6530"},"modified":"2025-04-02T08:48:19","modified_gmt":"2025-04-02T07:48:19","slug":"deklaracja-dostepnosci","status":"publish","type":"page","link":"https:\/\/muzeum.ostroleka.pl\/?page_id=6530","title":{"rendered":"Deklaracja dost\u0119pno\u015bci"},"content":{"rendered":"<h3>Deklaracja dost\u0119pno\u015bci<\/h3>\n<section id=\"a11y-wstep\"><span id=\"a11y-podmiot\">Muzeum Kultury Kurpiowskiej w Ostro\u0142\u0119ce<\/span> zobowi\u0105zuje si\u0119 zapewni\u0107 dost\u0119pno\u015b\u0107 swojej <span id=\"a11y-zakres\">strony internetowej<\/span> zgodnie z ustaw\u0105 z dnia 4 kwietnia 2019 r. o dost\u0119pno\u015bci cyfrowej stron internetowych i aplikacji mobilnych podmiot\u00f3w publicznych.Deklaracja dost\u0119pno\u015bci dotyczy strony <a id=\"a11y-url\" href=\"https:\/\/muzeum.ostroleka.pl\">muzeum.ostroleka.pl<\/a> oraz <a href=\"https:\/\/bip.muzeum.ostroleka.pl\">bip.muzeum.ostroleka.pl<\/a>.<\/section>\n<h3>Data publikacji i aktualizacji<\/h3>\n<p>Data publikacji strony internetowej: <time id=\"a11y-data-publikacja\" datetime=\"2019-02-25\">25 lutego 2019 r.<\/time> Data ostatniej istotnej aktualizacji: <time id=\"a11y-data-aktualizacja\" datetime=\"2025-03-31\">31 marca 2025 r.<\/time><\/p>\n<h3>Stan dost\u0119pno\u015bci cyfrowej<\/h3>\n<p id=\"a11y-status\">Ta strona internetowa jest cz\u0119\u015bciowo zgodna z za\u0142\u0105cznikiem do ustawy o dost\u0119pno\u015bci cyfrowej z dnia 4 kwietnia 2019 r. o dost\u0119pno\u015bci cyfrowej stron internetowych i aplikacji mobilnych podmiot\u00f3w publicznych z powodu niezgodno\u015bci i wy\u0142\u0105cze\u0144 wymienionych poni\u017cej.<\/p>\n<h3>Niedost\u0119pne tre\u015bci<\/h3>\n<h3>Niezgodno\u015b\u0107 z za\u0142\u0105cznikiem<\/h3>\n<ul>\n<li>Cz\u0119\u015b\u0107 zdj\u0119\u0107 nie posiada tekstu alternatywnego dla czytnik\u00f3w obs\u0142ugiwanych przez osoby niepe\u0142nosprawne.<\/li>\n<li>Niekt\u00f3re linki nie posiadaj\u0105 tre\u015bci ani tytu\u0142u lub alt zawartego obrazu jest pusty lub go brakuje.<\/li>\n<\/ul>\n<h3>Tre\u015bci nieobj\u0119te przepisami<\/h3>\n<ul>\n<li>Mapy s\u0105 wy\u0142\u0105czone z obowi\u0105zku zapewniania dost\u0119pno\u015bci.<\/li>\n<\/ul>\n<h3>Udogodnienia, ograniczenia i inne informacje<\/h3>\n<p>Serwis zosta\u0142 zaprojektowany tak, aby by\u0142 mo\u017cliwy do obs\u0142u\u017cenia dla jak najszerszej grupy u\u017cytkownik\u00f3w, niezale\u017cnie od u\u017cywanej technologii, oprogramowania lub posiadanej dysfunkcji. Nieustannie poszukujemy rozwi\u0105za\u0144, aby zwi\u0119kszy\u0107 dost\u0119pno\u015b\u0107 i u\u017cyteczno\u015b\u0107 naszej strony internetowej.<\/p>\n<p>Serwis jest wyposa\u017cony w mechanizmy u\u0142atwiaj\u0105ce przegl\u0105danie tre\u015bci przez osoby niedowidz\u0105ce:<\/p>\n<ul>\n<li>powi\u0119kszanie czcionki,<\/li>\n<li>pod\u015bwietlanie link\u00f3w,<\/li>\n<li>ustawienie wysokiego kontrastu.<\/li>\n<\/ul>\n<h3>Skr\u00f3ty klawiszowe<\/h3>\n<p>Na stronie internetowej mo\u017cna u\u017cywa\u0107 standardowych skr\u00f3t\u00f3w klawiaturowych przegl\u0105darki.<\/p>\n<h3>Przygotowanie deklaracji dost\u0119pno\u015bci<\/h3>\n<ul>\n<li>Data sporz\u0105dzenia deklaracji: <time id=\"a11y-data-sporzadzenie\" datetime=\"2025-03-31\">31 marca 2025 r.<\/time><\/li>\n<\/ul>\n<p>Deklaracj\u0119 sporz\u0105dzono na podstawie samooceny przeprowadzonej przez podmiot publiczny.<\/p>\n<h3>Informacje zwrotne i dane kontaktowe<\/h3>\n<p>Wszystkie problemy z dost\u0119pno\u015bci\u0105 cyfrow\u0105 tej strony internetowej mo\u017cesz zg\u0142osi\u0107 do <span id=\"a11y-kontakt\">Tomasza Samsela<\/span> mejlowo <a id=\"a11y-email\" href=\"mailto:t.samsel@muzeum.ostroleka.pl\">t.samsel@muzeum.ostroleka.pl<\/a> lub telefonicznie <a id=\"a11y-telefon\" href=\"tel:+48297645443\">29 764 5443 wew. 31<\/a>.<\/p>\n<p>Ka\u017cdy ma prawo wyst\u0105pi\u0107 z \u017c\u0105daniem zapewnienia dost\u0119pno\u015bci cyfrowej tej strony internetowej lub jej element\u00f3w.<\/p>\n<p>Zg\u0142aszaj\u0105c takie \u017c\u0105danie podaj:<\/p>\n<ul>\n<li>twoje imi\u0119 i nazwisko,<\/li>\n<li>twoje dane kontaktowe (np. numer telefonu, e-mail),<\/li>\n<li>dok\u0142adny adres strony internetowej, na kt\u00f3rej jest niedost\u0119pny cyfrowo element lub tre\u015b\u0107,<\/li>\n<li>opis na czym polega problem i jaki spos\u00f3b jego rozwi\u0105zania by\u0142by dla Ciebie najwygodniejszy.<\/li>\n<\/ul>\n<p>Na Twoje zg\u0142oszenie odpowiemy najszybciej jak to mo\u017cliwe, nie p\u00f3\u017aniej ni\u017c w ci\u0105gu 7 dni od jego otrzymania.<\/p>\n<p>Je\u017celi ten termin b\u0119dzie dla nas zbyt kr\u00f3tki, poinformujemy Ci\u0119 o tym. W tej informacji podamy nowy termin, do kt\u00f3rego poprawimy zg\u0142oszone przez Ciebie b\u0142\u0119dy lub przygotujemy informacje w alternatywny spos\u00f3b. Ten nowy termin nie b\u0119dzie d\u0142u\u017cszy ni\u017c 2 miesi\u0105ce.<\/p>\n<p>Je\u017celi nie b\u0119dziemy w stanie zapewni\u0107 dost\u0119pno\u015bci cyfrowej strony internetowej lub tre\u015bci wskazanej w Twoim \u017c\u0105daniu, zaproponujemy Ci dost\u0119p do nich w alternatywny spos\u00f3b.<\/p>\n<section id=\"a11y-procedura\">\n<h3>Obs\u0142uga wniosk\u00f3w i skarg zwi\u0105zanych z dost\u0119pno\u015bci\u0105<\/h3>\n<p>Je\u017celi w odpowiedzi na Tw\u00f3j wniosek o zapewnienie dost\u0119pno\u015bci cyfrowej odm\u00f3wimy \u017c\u0105danej przez Ciebie dost\u0119pno\u015bci cyfrowej, a Ty nie zgadzasz si\u0119 z t\u0105 odmow\u0105, masz prawo z\u0142o\u017cy\u0107 skarg\u0119.<\/p>\n<p>Skarg\u0119 masz prawo z\u0142o\u017cy\u0107 tak\u017ce, je\u015bli nie zgadzasz si\u0119 na skorzystanie z alternatywnego sposobu dost\u0119pu, kt\u00f3ry zaproponowali\u015bmy Ci w odpowiedzi na Tw\u00f3j wniosek o zapewnienie dost\u0119pno\u015bci cyfrowej.<\/p>\n<p>Ewentualn\u0105 skarg\u0119 z\u0142\u00f3\u017c listownie lub mejlowo do kierownictwa naszego urz\u0119du: Muzeum Kultury Kurpiowskiej, plac Bema 8, 07-410 Ostro\u0142\u0119ka, <a href=\"mailto:muzeum@muzeum.ostroleka.pl\">muzeum@muzeum.ostroleka.pl<\/a>.<\/p>\n<p><a href=\"https:\/\/www.gov.pl\/web\/gov\/zloz-wniosek-o-zapewnienie-dostepnosci-cyfrowej-strony-internetowej-lub-aplikacji-mobilnej\">Pomocne mog\u0105 by\u0107 informacje, kt\u00f3re mo\u017cna znale\u017a\u0107 na rz\u0105dowym portalu gov.pl<\/a>.<\/p>\n<p>Mo\u017cesz tak\u017ce poinformowa\u0107 o tej sytuacji <a href=\"https:\/\/bip.brpo.gov.pl\/\">Rzecznika Praw Obywatelskich<\/a> i poprosi\u0107 o interwencj\u0119 w Twojej sprawie.<\/p>\n<\/section>\n<h3>Pozosta\u0142e informacje<\/h3>\n<section id=\"a11y-architektura\">\n<h3>Dost\u0119pno\u015b\u0107 architektoniczna<\/h3>\n<h3>Muzeum Kultury Kurpiowskiej, plac Bema 8 i 9, 07-410 Ostro\u0142\u0119ka<\/h3>\n<p>Do budynk\u00f3w Muzeum Kultury Kurpiowskiej prowadz\u0105 dwa wej\u015bcia. Do wej\u015bcia g\u0142\u00f3wnego od strony placu Bema 8 prowadz\u0105 schody, natomiast do wej\u015bcia alternatywnego od strony ul. Staromostowej brak barier architektonicznych. Furtka i drzwi wej\u015bcia alternatywnego zosta\u0142a oznaczona piktogramem RA044 \u201eD\u017awig dla niepe\u0142nosprawnych\u201d, przy drzwiach zosta\u0142 zainstalowany domofon z podgl\u0105dem video, kt\u00f3ry obs\u0142ugiwany przez portiera w godzinach pracy Muzeum. Alternatywne drzwi wej\u015bciowe prowadz\u0105 wprost do windy, kt\u00f3ra jest przystosowana dla os\u00f3b ze szczeg\u00f3lnymi potrzebami i zapewnia komunikacj\u0119 pomi\u0119dzy pi\u0119trami. Szeroko\u015b\u0107 wej\u015bcia do windy to 90cm. Wymiary windy 100cm (szeroko\u015b\u0107) x 140cm (g\u0142\u0119boko\u015b\u0107). Wysoko\u015b\u0107 najwy\u017cej umieszczonego przycisku na panelu windy to 134cm, przyciski oznaczone s\u0105 alfabetem Braille\u2019a.<\/p>\n<p>Recepcja znajduje si\u0119 w widocznym miejscu na wprost od wej\u015bcia g\u0142\u00f3wnego, a od wyj\u015bcia z windy na prawo. Korytarz prowadz\u0105cy od windy do recepcji nie ma barier architektonicznych.<\/p>\n<p>Toaleta dla os\u00f3b z niepe\u0142nosprawno\u015bciami znajduje si\u0119 na parterze (przy windzie) po prawej stronie od recepcji. W toalecie na pierwszym pi\u0119trze w budynku Bema 9 zainstalowany jest przewijak dla dzieci.<\/p>\n<p>Dla os\u00f3b z dysfunkcj\u0105 wzroku istnieje mo\u017cliwo\u015b\u0107 wypo\u017cyczenia audioprzewodnika wraz z nagran\u0105 audiodeskrypcj\u0105 dotycz\u0105c\u0105 sal wystaw sta\u0142ych. Na jednej z sal wystawowych znajduje si\u0119 tyflografika z opisem i wzorem wycinanki kurpiowskiej. Dla poprawy bezpiecze\u0144stwa os\u00f3b z dysfunkcj\u0105 wzroku w budynkach Bema 8 i Bema 9 na wszystkich klatkach schodowych, ka\u017cdy pierwszy i ostatni stopie\u0144 zosta\u0142 oznaczony ta\u015bm\u0105 samoprzylepn\u0105 w jaskrawym kolorze.<\/p>\n<p>Osoby poruszaj\u0105ce si\u0119 na w\u00f3zku inwalidzkim, mog\u0105 swobodnie przemieszcza\u0107 si\u0119 po ca\u0142ym budynku Muzeum. Korytarze, a tak\u017ce wej\u015bcia do pomieszcze\u0144 biurowych s\u0105 szerokie i pozbawione barier. Na pierwszym pi\u0119trze (po prawej stronie od windy) w ci\u0105gu komunikacyjnym, mi\u0119dzy salami wystaw zosta\u0142a zamontowana platforma hydrauliczna obs\u0142ugiwana przez pracownika Muzeum. W wej\u015bciach na sale wystawowe przy Bema 9, istniej\u0105 niewielkie progi (2cm x 2cm).<\/p>\n<p>Na wewn\u0119trznym dziedzi\u0144cu Muzeum (wjazd bram\u0105 od ul. Staromostowej) zosta\u0142o wyznaczone jedno miejsce parkingowe dla os\u00f3b z niepe\u0142nosprawno\u015bciami, kt\u00f3re jest oznaczone w spos\u00f3b prawid\u0142owy i czytelny (oznakowanie pionowe i poziome).<\/p>\n<p>Do budynku i wszystkich jego pomieszcze\u0144 mo\u017cna wej\u015b\u0107 z psem asystuj\u0105cym i psem przewodnikiem.<\/p>\n<p>W Muzeum nie ma p\u0119tli indukcyjnych.<\/p>\n<p>W budynku nie ma oznacze\u0144 w alfabecie Braille\u2019a ani oznacze\u0144 kontrastowych lub w druku powi\u0119kszonym dla os\u00f3b niewidomych i s\u0142abowidz\u0105cych.<\/p>\n<p>Brak mo\u017cliwo\u015bci skorzystania z t\u0142umacza j\u0119zyka migowego na miejscu lub online, istnieje mo\u017cliwo\u015b\u0107 um\u00f3wienia t\u0142umacza PJM do 7 dni roboczych od dnia zg\u0142oszenia takiej potrzeby.<\/p>\n<h3>Pomnik mauzoleum \u017co\u0142nierzy poleg\u0142ych w bitwie pod Ostro\u0142\u0119k\u0105 26 maja 1831 roku, ul. Warszawska 2a, 07-410 Ostro\u0142\u0119ka<\/h3>\n<p>Do Pomnika mauzoleum \u017co\u0142nierzy poleg\u0142ych w bitwie pod Ostro\u0142\u0119k\u0105 s\u0105 dwa wej\u015bcia. Do wej\u015bcia g\u0142\u00f3wnego od strony fosy prowadz\u0105 schody, natomiast do wej\u015bcia alternatywnego prowadzi naturalna pochylnia wy\u0142o\u017cona t\u0142uczniem. Wej\u015bcie alternatywne zosta\u0142o oznakowane i prowadz\u0105 do niego drogowskazy.<\/p>\n<p>Toaleta dla os\u00f3b z niepe\u0142nosprawno\u015bciami znajduje si\u0119 na parterze, po prawej stronie od recepcji, w kt\u00f3rej zainstalowany zosta\u0142 przewijak dla dzieci.<\/p>\n<p>Komunikacj\u0119 pomi\u0119dzy pi\u0119trami zapewnia winda. Szeroko\u015b\u0107 wej\u015bcia do windy to 90cm. Wymiary windy 100cm (szeroko\u015b\u0107) x 125cm (g\u0142\u0119boko\u015b\u0107). Wysoko\u015b\u0107 najwy\u017cej umieszczonego przycisku na panelu windy to 105cm, przyciski oznaczone alfabetem Braille\u2019a.<\/p>\n<p>Osoby poruszaj\u0105ce si\u0119 na w\u00f3zku inwalidzkim, mog\u0105 swobodnie porusza\u0107 si\u0119 po ca\u0142ym budynku Mauzoleum z wyj\u0105tkiem tarasu widokowego do kt\u00f3rego prowadz\u0105 w\u0105skie i kr\u0119te metalowe schody.<\/p>\n<p>Ze wzgl\u0119du na historyczn\u0105 warto\u015b\u0107 i zabytkowy charakter obiektu na terenie mauzoleum nie zosta\u0142y wyznaczone miejsca parkingowe dla os\u00f3b z niepe\u0142nosprawno\u015bciami. Istnieje mo\u017cliwo\u015b\u0107 podjazdu i zaparkowania auta w bardzo bliskiej odleg\u0142o\u015bci (ok 10m) od wej\u015bcia alternatywnego.<\/p>\n<p>Do budynku i wszystkich jego pomieszcze\u0144 mo\u017cna wej\u015b\u0107 z psem asystuj\u0105cym i psem przewodnikiem.<\/p>\n<p>W mauzoleum nie ma p\u0119tli indukcyjnych.<\/p>\n<p>W budynku nie ma oznacze\u0144 w alfabecie Braille\u2019a ani oznacze\u0144 kontrastowych lub w druku powi\u0119kszonym dla os\u00f3b niewidomych i s\u0142abowidz\u0105cych.<\/p>\n<p>Brak mo\u017cliwo\u015bci skorzystania z t\u0142umacza j\u0119zyka migowego na miejscu lub online, istnieje mo\u017cliwo\u015b\u0107 um\u00f3wienia t\u0142umacza PJM do 7 dni roboczych od dnia zg\u0142oszenia takiej potrzeby.<\/p>\n<h3>Zagroda Kurpiowska w Kadzidle, Trasa Mazurska 2, 07-420 Kadzid\u0142o<\/h3>\n<p>Jest to zagroda typu samotniczego, zwana te\u017c kolonijn\u0105, kt\u00f3ra ma kszta\u0142t wyd\u0142u\u017conego prostok\u0105ta, w jej sk\u0142ad wchodz\u0105 obiekty z ko\u0144ca XIX i pocz\u0105tku XX wieku. Odpowiednio zaaran\u017cowana przestrze\u0144 oraz wn\u0119trza budynk\u00f3w pozwalaj\u0105 przybli\u017cy\u0107 obraz \u017cycia i pracy minionych pokole\u0144. W sk\u0142ad ekspozycji wchodz\u0105: chata kurpiowska, ku\u017ania, spichlerz, stodo\u0142a szerokofrontowa, obora, drewutnia i olejarnia kapliczka.<\/p>\n<p>Na terenie skansenu jest zachowany naturalny ci\u0105g komunikacyjny. Skansen nie jest przystosowany do samodzielnego poruszania si\u0119 os\u00f3b na w\u00f3zkach inwalidzkich \u2013 wymagana jest osoba wspomagaj\u0105ca. Przewodnicy muzealni dostosowuj\u0105 program oprowadzania do indywidualnych potrzeb grupy.<\/p>\n<p>Ze wzgl\u0119du na aspekt merytoryczny i historyczn\u0105 warto\u015b\u0107 budynk\u00f3w znajduj\u0105cych si\u0119 na terenie skansenu, nie ma mo\u017cliwo\u015bci ingerencji mechanicznej w celu przystosowania budynk\u00f3w dla os\u00f3b ze szczeg\u00f3lnymi potrzebami. Celem Zagrody Kurpiowskiej jest zaprezentowanie tradycyjnego budownictwa drewnianego i kultury ludowej regionu kurpiowszczyzny, a tak\u017ce ekspozycja obiekt\u00f3w zabytkowych w tym budowlanych oraz etnograficznych w formie oryginalnej i zgodnej z lokalnymi tradycjami.<\/p>\n<p>Ze wzgl\u0119du na historyczn\u0105 warto\u015b\u0107 i zabytkowy charakter Skansenu na terenie nie zosta\u0142y wyznaczone miejsca parkingowe dla os\u00f3b z niepe\u0142nosprawno\u015bciami. Istnieje mo\u017cliwo\u015b\u0107 podjazdu i zaparkowania auta w bardzo bliskiej odleg\u0142o\u015bci (ok 5m) od bramy g\u0142\u00f3wnej.<\/p>\n<p>Na terenie Zagrody Kurpiowskiej znajduje si\u0119 toaleta dla os\u00f3b z niepe\u0142nosprawno\u015bciami, w kt\u00f3rej zosta\u0142 zainstalowany przewijak dla dzieci.<\/p>\n<p>Na teren skansenu i do wszystkich budynk\u00f3w mo\u017cna wej\u015b\u0107 z psem asystuj\u0105cym i psem przewodnikiem.<\/p>\n<p>Na terenie skansenu nie ma p\u0119tli indukcyjnych.<\/p>\n<p>Na terenie skansenu nie ma oznacze\u0144 w alfabecie Braille\u2019a ani oznacze\u0144 kontrastowych lub w druku powi\u0119kszonym dla os\u00f3b niewidomych i s\u0142abowidz\u0105cych.<\/p>\n<p>Brak mo\u017cliwo\u015bci skorzystania z t\u0142umacza j\u0119zyka migowego na miejscu lub online, istnieje mo\u017cliwo\u015b\u0107 um\u00f3wienia t\u0142umacza PJM do 7 dni roboczych od dnia zg\u0142oszenia takiej potrzeby.<\/p>\n<\/section>\n","protected":false},"excerpt":{"rendered":"<p>Deklaracja dost\u0119pno\u015bci Muzeum Kultury Kurpiowskiej w Ostro\u0142\u0119ce zobowi\u0105zuje si\u0119 zapewni\u0107 dost\u0119pno\u015b\u0107 swojej strony internetowej zgodnie z ustaw\u0105 z dnia 4 kwietnia 2019 r. o dost\u0119pno\u015bci cyfrowej stron internetowych i aplikacji mobilnych podmiot\u00f3w publicznych.Deklaracja dost\u0119pno\u015bci dotyczy strony muzeum.ostroleka.pl oraz bip.muzeum.ostroleka.pl. Data publikacji i aktualizacji Data publikacji strony internetowej: 25 lutego 2019 r. Data ostatniej istotnej aktualizacji: [&hellip;]<\/p>\n","protected":false},"author":1,"featured_media":0,"parent":0,"menu_order":0,"comment_status":"closed","ping_status":"closed","template":"","meta":{"_acf_changed":false,"_lmt_disableupdate":"no","_lmt_disable":"no","_monsterinsights_skip_tracking":false,"_monsterinsights_sitenote_active":false,"_monsterinsights_sitenote_note":"","_monsterinsights_sitenote_category":0,"ngg_post_thumbnail":0,"footnotes":""},"class_list":["post-6530","page","type-page","status-publish","hentry"],"acf":[],"_links":{"self":[{"href":"https:\/\/muzeum.ostroleka.pl\/index.php?rest_route=\/wp\/v2\/pages\/6530","targetHints":{"allow":["GET"]}}],"collection":[{"href":"https:\/\/muzeum.ostroleka.pl\/index.php?rest_route=\/wp\/v2\/pages"}],"about":[{"href":"https:\/\/muzeum.ostroleka.pl\/index.php?rest_route=\/wp\/v2\/types\/page"}],"author":[{"embeddable":true,"href":"https:\/\/muzeum.ostroleka.pl\/index.php?rest_route=\/wp\/v2\/users\/1"}],"replies":[{"embeddable":true,"href":"https:\/\/muzeum.ostroleka.pl\/index.php?rest_route=%2Fwp%2Fv2%2Fcomments&post=6530"}],"version-history":[{"count":24,"href":"https:\/\/muzeum.ostroleka.pl\/index.php?rest_route=\/wp\/v2\/pages\/6530\/revisions"}],"predecessor-version":[{"id":13387,"href":"https:\/\/muzeum.ostroleka.pl\/index.php?rest_route=\/wp\/v2\/pages\/6530\/revisions\/13387"}],"wp:attachment":[{"href":"https:\/\/muzeum.ostroleka.pl\/index.php?rest_route=%2Fwp%2Fv2%2Fmedia&parent=6530"}],"curies":[{"name":"wp","href":"https:\/\/api.w.org\/{rel}","templated":true}]}}